ve g(3).
-2
Let u(v) = 2*v**3 - 10*v**2 - v + 5. Let o be u(5). Suppose 0 = y - o*y. Let d(s) = -s**2 - s - 16. Give d(y).
-16
Let u(j) = j - j + 3*j - 6. Let n be 3 - (-2 + 22 + 4). Let h = n - -25. What is u(h)?
6
Let j(b) = 9*b + 21 - 9 - 7 - 3. What is j(3)?
29
Let d(m) = m**2 + 7*m. Let j(x) = 4*x**2 + 22*x. Let c(s) = -7*d(s) + 2*j(s). Let y = 43 - 37. Calculate c(y).
6
Let h(g) be the third derivative of -g**6/120 - 7*g**5/30 - 7*g**4/12 - 3*g**3/2 - 175*g**2 - 2*g. Calculate h(-13).
4
Let b = 146 - 151. Let q(s) = s**3 + 4*s**2 - 3*s + 6. Calculate q(b).
-4
Let f(y) = -2*y**3 - y**2 + 14*y + 12. Let a be f(-3). Let w(d) = d**2 - 14*d - 14. What is w(a)?
1
Suppose 2*t = r, 3*t = -5*r + 7 + 6. Let l be ((-1)/4)/(r/(-56)). Let b(n) = 1 + 7 - 16*n - l. What is b(-1)?
17
Let r(i) be the first derivative of i**3/3 - 5*i**2/2 + 4*i - 26. Let q(g) = g**2 + g - 17. Let h be q(-5). Give r(h).
-2
Let v(n) = -5*n - 3. Let c(m) = 7*m + 3. Let g(r) = 3*c(r) + 4*v(r). Determine g(8).
5
Let q(a) be the first derivative of a**6/360 - a**5/20 + a**4/6 + 5*a**3 + 8. Let d(g) be the third derivative of q(g). Calculate d(5).
-1
Let p(l) = 3*l**2 - 134*l - 63. Let k be p(45). Let j(n) = 3*n + 41. Calculate j(k).
-13
Suppose -9 = -3*o - 48. Let j = -11 - o. Let q(a) = -5 + j + 2 - a. Calculate q(5).
-6
Let q = -127 - -128. Let f(t) = -7*t**2 - 4*t + 2. Calculate f(q).
-9
Let d(g) = g**3 - 26*g**2 + 29*g - 98. Let t be d(25). Let b(r) = -2*r**3 + r**2 - r + 2. Determine b(t).
-12
Let x(h) = -h**2 + 8*h - 3. Suppose 4*a = 5*y + 57, -5*a - 6 + 61 = -3*y. What is x(a)?
-3
Suppose 3*m - 4 - 8 = 0. Let h(v) = -12 + 12 - m*v. Give h(3).
-12
Let w(r) = -2*r**2 - 5*r - 2. Let n(v) = -v**3 + 5*v**2 - 3*v + 12. Suppose -5*b - 5 = 2*s, -2*b = -3*s + 13 + 8. Let m be n(s). Calculate w(m).
-5
Let h(x) = x**3 + 7*x**2 + 7*x + 6. Let y be h(-6). Suppose 7*k - 16 = 61. Let i(j) = -3*j**2 - j + k*j**2 - 4*j**2 - 5*j**2 - 9. Determine i(y).
-9
Let h(s) = -s**2 - s. Let z = 1294 + -1292. Determine h(z).
-6
Suppose 4*l = 3*i - 21, -l + 1 = 9*i - 11*i. Let a(h) = -h**2 - 6*h + 22. What is a(l)?
-5
Let x(k) = -4*k + 3. Suppose 3 = -5*w + 8. Suppose w + 9 = o - 4*c, 3*o - 8 = c. Calculate x(o).
-5
Let b(l) be the first derivative of -l**2 + 5*l + 1. Let u = 0 + 1. Suppose 0 = -j + 5 + u. Give b(j).
-7
Let z(r) = -14*r**2 - 2*r - 9. Let g(a) = a**2 - 9. Let o(s) = g(s) - z(s). Calculate o(1).
17
Let w = -8 - -13. Suppose w*n = -i + 23, 4*n - 2 = 2*i + 8. Let x(h) = h**i + 2*h**2 - 7*h**3 - h + 2 + 5*h**3 + 0*h**3. Calculate x(2).
0
Let c(v) = -10*v + 53. Let m be c(6). Let g = 7 - 5. Let p(t) = -t**g + 7*t**2 - t + t**2 + t**3 - 9. Calculate p(m).
-2
Let a(i) = 15 - i + 1 - 7 - 11. Give a(6).
-8
Let q(s) = 2*s**2 + s. Let c be q(1). Let i(g) = -g**2 - 3*g - 6. Let m(p) = 2*p**2 + 3*p + 7. Let x(t) = -3*i(t) - 2*m(t). What is x(c)?
4
Let d(l) = -3*l - 20. Let m(x) = 3*x + 20. Let y(h) = 4*d(h) + 3*m(h). Let w = 2 - -2. Let n(p) = p + 7. Let j(o) = w*y(o) + 11*n(o). What is j(-4)?
1
Let d(s) be the third derivative of 0*s - 5*s**2 + 0 - s**3 - 1/24*s**4. Determine d(0).
-6
Let a(i) = -i**2 - 2*i - 2. Let k be 9/(-8) - (-12)/96. What is a(k)?
-1
Let v(p) = p - 28. Let s(n) = n - 30. Let d(t) = -5*s(t) + 6*v(t). What is d(8)?
-10
Let w be -8*(-15)/18*(-48)/(-40). Let g(b) = -b**3 + 7*b**2 + 10*b - 17. Calculate g(w).
-1
Let b(w) = 2*w**2 + 21*w - 23. Let a(k) = -k**2 - 10*k + 11. Let h(g) = 13*a(g) + 6*b(g). Suppose -u - 72 = -4*u. Suppose 4*q + 0*q + u = 0. What is h(q)?
-7
Let l(z) be the second derivative of 0*z**4 - 6*z + 1/2*z**5 + 0 + 0*z**2 + 0*z**3. Give l(-1).
-10
Let m(g) be the third derivative of g**5/60 - g**4/8 - 2*g**3/3 + 72*g**2. Calculate m(4).
0
Let f(l) = -20*l**3 - 69*l**2 - 22*l**3 + 77*l**2 + 46*l**3 - 4 - 3*l. Determine f(-2).
2
Let x(y) = 8*y**2 + y. Let f(w) = -24*w**2 - 3*w. Let u(j) = 2*f(j) + 7*x(j). Let b be 0/(-3*(3 - 2)) + -24. Let c be (b/84 + (-2)/(-56))*-4. Calculate u(c).
9
Let b(q) = q - 5. Let h(x) = -7*x + 51. Let r be h(7). Let m(o) = 2*o**2 - 2*o + 2. Let z be m(r). Calculate b(z).
1
Let g(t) = t**2 + 5*t - 1. Let v(w) = 2*w**2 + 33*w - 6. Let m(r) = 6*g(r) - v(r). Give m(2).
10
Let j = -17 - -23. Suppose -j*v - v = 0. Let x(u) = -u**3 - u**2 - u + 1. Let z(h) = -2*h**2 - 2*h + 11. Let b(y) = -x(y) + z(y). Calculate b(v).
10
Let j(c) = -3*c**2 - 5*c**3 - c + 0*c**2 - c + 2*c**2 - 1. Let u(z) = -z**3 - z**2 + 4*z + 3. Let i be u(-2). Give j(i).
5
Let r(k) = -k**3 - 15*k**2 - 19*k + 98. Let s be r(-13). Let q(n) = -2*n**2 + 12*n + 15. Give q(s).
1
Let v(j) = 2*j + 6. Suppose -4*k = 5*t - 2*k, t = -5*k - 23. Suppose -t*p = 4*a - 10, 0 = 2*p + 3*a - 14 + 8. What is v(p)?
0
Let q(b) = -14 - 11911*b**2 + 11910*b**2 - 8*b - 3*b. Suppose 66 = -5*p + 4*o, 7*o - 4*o + 38 = -5*p. Give q(p).
-4
Let h(s) = -70*s + 2. Let z(q) = 41*q - 1. Let a(r) = -2*h(r) - 3*z(r). Let p = 1 - 0. What is a(p)?
16
Let x(d) = 5*d**2 + d - 1. Let c(r) = -5*r**2 - r + 1. Let t(n) = 5*c(n) + 6*x(n). Let j be -1*1 + 3 - (15 + -14). Determine t(j).
5
Let j(r) = r**3 + 3*r**2 - 4*r + 2. Let s be 8*(30/(-8))/(-1). Let w be (-2)/(-8) - (-22)/8. Let f be (8/(-20))/(w/s). What is j(f)?
2
Let a(z) = 14*z + 5. Let w be a(0). Let n(l) = 3*l**2 - 7*l - 1. What is n(w)?
39
Let m(c) = -c**3 + 3*c**2 - 4. Let g = 788 - 785. Give m(g).
-4
Let f(b) = -11*b + 8*b**2 + 2*b**3 - 6 - 3*b**3 - 2*b**2 + 8*b. Calculate f(5).
4
Let a(m) = 7*m**3 + 3*m**2 - 3*m - 7. Let q(o) = -o**3 - o**2 + o + 2. Let g(w) = -a(w) - 4*q(w). Determine g(1).
-4
Let x(y) = y**3 - y**2. Let p(l) = l**3 - l**2 - 6. Let w be (-15)/9*(-24)/20. Let k(a) = w*x(a) - p(a). Give k(0).
6
Let b(y) be the third derivative of -y**4/12 - y**3 - 3*y**2. Suppose -11*d + 7*d - 16 = 0. Give b(d).
2
Let x(m) = 7*m**2 + 2*m - 1. Let d(a) = 2*a + 0*a - a. Let v be d(2). Suppose -v*y = n - 9, n + 7 = 3*y - y. Determine x(n).
8
Let v(w) = -15*w + 10. Let y = 1028 - 1023. Give v(y).
-65
Let m be -5 + 6 - 2/2. Let v(q) = -q**3 - 4*q**2 - 3*q + 3. Let t be v(-3). Let l(o) = 4 - o - 6*o**t - 3 - 2*o**3 + m*o**3. Calculate l(1).
-8
Let t = -19 - -44. Suppose -4*d + t = 9. Let z(p) = p**2 + p + 1 - d + 3*p + 2*p**3 - 4*p**3. Determine z(2).
-7
Suppose s - 5*a + 10 = 0, 4*a + 8 = 2*s + 2*s. Suppose s*g + 15 - 40 = 0. Let n(z) = 2*z**3 - 2728 - 3*z**3 + 3*z**2 + 6*z + z**2 + 2730. Calculate n(g).
7
Let p(n) be the first derivative of 3*n**2/2 - n - 95. Let c(d) = -d**2 - 4*d + 2. Let s be c(-4). Give p(s).
5
Let h(v) = v - 5. Let r be h(4). Let a(w) be the second derivative of 4*w**4/3 + w**3/6 - 53*w. Give a(r).
15
Let y(f) = 4*f**2 - 1. Let g be 1/(3/99)*3/9. Suppose 3 + g = -7*u. Calculate y(u).
15
Let a be 6/14 - 713/161. Let n(m) = -m**3 - 4*m**2 - m - 3. Calculate n(a).
1
Let q(b) = -3*b - 6. Let a be (5 - 1)/(-127 + 125). Give q(a).
0
Let g = -16 - -31. Let k = g - 7. Let l(z) be the first derivative of z**4/4 - 8*z**3/3 - z**2/2 + 3*z - 20. What is l(k)?
-5
Let j(k) be the second derivative of k**5/20 - k**4 + 5*k**3/3 + 7*k**2 + 30*k. Let q = 43 + -32. What is j(q)?
3
Let r(z) = 14*z - 5 - 13*z + 4*z - 11*z. Give r(-2).
7
Let r = -105 - -97. Let t(i) = -i**3 - 9*i**2 - 10*i. Determine t(r).
16
Suppose -3*r = 4*s + 1, 5 - 2 = -r. Let f(k) be the first derivative of -2*k + 1/2*k**2 - 21. Give f(s).
0
Let o(k) = -5 + k**3 + 6 + 1 + 3 - 1 + 3*k + 3*k**2. Let u = -4 + 1. Calculate o(u).
-5
Let h(r) = 4*r**2 + 5*r - 20. Let x be h(2). Let s(j) = 8*j - 8. Calculate s(x).
40
Let t(g) be the second derivative of 11/2*g**2 + 0 + 11*g + 1/6*g**3. Let y be (-8)/20 - 2/(-5). Determine t(y).
11
Let u be 165/(-25) - 4/10. Let a = u - -6. Let k = 4 + a. Let t(r) = -r - 3. Give t(k).
-6
Suppose 0 = 3*h + 180 - 201. Let p(j) = -j**2 + 5*j - 2. Determine p(h).
-16
Let i(k) = -k + 12. Let r be i(6). Let j(w) = w**2 - 19*w - 8. Let p(z) = -z**2 + 14*z + 7. Let g(q) = -2*j(q) - 3*p(q). Calculate g(r).
7
Let f(s) = s**2 - 3*s + 1. Let z be (8/6)/(3/(-9)). Let i be z*9/(-12) + 10. Let q = 14 - i. Determine f(q).
-1
Let c(f) be the second derivative of f**8/6720 - f**7/420 + f**6/180 - f**5/30 + 25*f**4/12 + 3*f. Let m(g) be the third derivative of c(g). Calculate m(5).
-9
Let z(o) be the third derivative of -5*o**2 + 0*o + 0 - 1/6*o**3 - 1/8*o**4. Give z(2).
-7
L